g - 29. Let y = 19 + -29. List the prime factors of t(y).
3, 7
Suppose 5*c = 3*s - 170, -2*c + 3*s - 17 - 60 = 0. Let l = 31 + c. Suppose l = -2*h + 188 - 6. What are the prime factors of h?
7, 13
Suppose -147*o - 647 = -152*o - 3*x, 4*o - 516 = -2*x. List the prime factors of o.
127
Suppose -5*h + 10*h - 10 = 0. Let c(d) = 53*d**3 + 6*d - 54*d**3 - 3*d**2 + 5*d**2 - d + h. List the prime factors of c(-2).
2
Suppose -160558 = -4*s + 3*h, -4*s + 5*h - 120375 = -7*s. What are the prime factors of s?
5, 23, 349
Suppose -g + m = -42399, -229*g - 2*m = -232*g + 127194. What are the prime factors of g?
2, 3, 3533
Suppose 17586 = 3*o - 2*v, 2*o - v = -2*v + 11738. What are the prime factors of o?
2, 7, 419
Suppose -494*h - m + 54103 = -490*h, -2*m - 10 = 0. List the prime factors of h.
3, 167
Let h = 78 + -2023. Let w be (h/10)/((-3)/(-6)). Let a = -232 - w. List the prime factors of a.
157
Let d(w) = w. Let g be d(6). Let t be (-1*1 - (g - 7)) + 0. Suppose t = -b + 20 + 18. What are the prime factors of b?
2, 19
Let l be (-7)/(-35) - (-48)/10. Suppose -4*n + 294 - 83 = -5*m, l*m + 103 = 2*n. Let s = 151 - n. What are the prime factors of s?
97
Suppose -6*s - 645 = 1029. Let i = -198 - s. List the prime factors of i.
3
Let v(m) = 2212*m**2 + 33*m - 5. What are the prime factors of v(-2)?
67, 131
Suppose 5*u - 17706 = x, 3*u - 4*x - 10622 = -3*x. Suppose 3220 = 7*d - u. List the prime factors of d.
2, 3, 7, 23
Let o = -58 - -62. Suppose -4*m + 5*f - 107 = 0, -3*m - o*f - 56 = 1. Let s(u) = -u**2 - 30*u + 11. What are the prime factors of s(m)?
2, 43
Let r = 46 + -78. Let q = 35 + r. Suppose -2*o + 36 = q*l + o, 3*o - 44 = -4*l. What are the prime factors of l?
2
Let n be 2/(-18) + 287700/378. Let i = -14 + n. What are the prime factors of i?
3, 83
Suppose 0 = -16*q - 219 - 597. Let d = q + 316. List the prime factors of d.
5, 53
Suppose -5*b + 827 = 4*v, 4*v + 296 = 5*b - 547. Let t = -28 + b. What are the prime factors of t?
139
Let f(j) = j**3 - 2*j - 1. Let r(x) = 9*x**3 - 3*x**2 - 39*x - 9. Let o(m) = -18*f(m) + r(m). List the prime factors of o(-5).
2, 3, 179
Suppose -2*q = 3*c - 10, -q = -4*c + q + 4. Suppose 0 = -2*j + 8, -c*p + 556 - 46 = -4*j. List the prime factors of p.
263
Suppose -2*a = -0*a - 10. Suppose 24 = y + 5*u, -a*y + 2*u = -y - 8. Suppose 5*m + 289 = y*o, 0*m - 3*m + 210 = 3*o. What are the prime factors of o?
71
Suppose g - 59274 = 4*d, 4*g - 131253 = -3*d + 105900. What are the prime factors of g?
2, 3, 41, 241
Let g(a) = -a**3 + 4*a**2 + a - 7. Let m be g(-5). Let n be (37/(-3))/(-4 + m/54). Suppose 0*o = -3*o + n. List the prime factors of o.
2, 37
Let l = -18311 + 36306. List the prime factors of l.
5, 59, 61
Let l = 115 - 23. Suppose 3*i = -h + l, 5*i - 340 - 21 = -4*h. List the prime factors of h.
89
Let o be (-2)/(-4) - (-3 - (-2239)/(-2)). List the prime factors of o/3 + (-1)/3.
2, 11, 17
Suppose 2 = -3*j + 5. Suppose -g + 3*r + 5 = 0, -r - 4 = -g + 5. List the prime factors of g/(((-3)/(-33))/j).
11
Let x be 2/(3 + -5 - -4) - -1. Let n(f) = 22*f - 44*f + 17*f**x + 22*f - 1. What are the prime factors of n(2)?
67
Let i = -108 - -101. Let s(u) = -2*u**3 + 3*u**2 - 2*u + 43. List the prime factors of s(i).
2, 5, 89
Suppose -3*y + 3 = 0, 3*f - 2*y + 930 = -269. Let p = -243 - f. Let k = p - 100. List the prime factors of k.
2, 7
Let f(p) = 2*p**2 + 16. Let t be (0*(-1)/4)/(-3) + 6. Suppose -y + t = -2*z - 15, 5*z + 30 = -2*y. List the prime factors of f(z).
2, 3
Suppose -23*s = -3*s - 6*s - 154476. List the prime factors of s.
2, 3, 613
Suppose i - 6 = 4*i, -4 = -y - 4*i. Let o = 16 - y. Let h = o - -15. What are the prime factors of h?
19
Let z(t) = 37*t + 19. Let x(q) = -q**2 - 19*q - 12. Let i be x(-15). Suppose -37*r - i = -45*r. List the prime factors of z(r).
241
Suppose -18*l + 10 = -16*l. Suppose -o = -5*p + o + 130, -4*p + l*o + 87 = 0. Suppose p*q - 29*q = -95. What are the prime factors of q?
5, 19
Let p = -12485 - -18143. What are the prime factors of p?
2, 3, 23, 41
Suppose 21 + 29 = 5*p. Let m(c) be the third derivative of c**4/8 + c**3/3 + 2*c**2 + 325*c - 2. List the prime factors of m(p).
2
Let v = -377 - 342. Let z = -303 - v. List the prime factors of z.
2, 13
Suppose 0 = -k + 5*h - 22, h = 5*k + 2*h - 20. Let d be (k + -3)/(0 - 2). Suppose d = j - 1, 3*j - 133 = -2*z + 148. What are the prime factors of z?
139
Suppose 13*m + 7*m = -9*m + 139490. List the prime factors of m.
2, 5, 13, 37
Let a = 114428 - 41723. List the prime factors of a.
3, 5, 37, 131
Let k(l) = -24*l - 11. Let w(t) = -2*t**2 + 7*t + 11. Let z be w(-2). Let x be k(z). Let p = x + -125. List the prime factors of p.
2
Suppose 19*o - 79380 = 97776. Suppose -31*d = -49*d + o. List the prime factors of d.
2, 7, 37
Let q be (3/6)/(462693/(-92540) + 5). Suppose q = 24*p - 10670. List the prime factors of p.
2, 3, 5
Suppose 526 + 293 = 3*p. Let o = 495 - p. What are the prime factors of o?
2, 3, 37
What are the prime factors of (-396)/462 + (-2 - (-95702)/14)?
6833
Suppose 71*q = -123*q + 8*q + 737118. List the prime factors of q.
3, 1321
Let b be 2/(-6)*-1 + (-15)/(-9). Suppose -f + 266 = 3*d, b*f + 0*d - 520 = -3*d. List the prime factors of f/8 + (-7)/(-28).
2
Suppose -2*m - 21*h + 76958 = -18*h, -5*m + h + 192412 = 0. List the prime factors of m.
2, 71, 271
List the prime factors of -13 + (-483752)/(-56) + -13 - 8/(-14).
3, 11, 29
Suppose -3*j + 5*o = 2, o + 2*o - 3 = 0. Suppose 3*c + 2 = -j. List the prime factors of c + -3 + 204 + (-1 - 1).
2, 3, 11
Let g(a) = -45*a - 253. Let t be g(-7). Suppose -29552 = -78*y + t*y. List the prime factors of y.
1847
Let b(q) = 63*q**2 - 5*q - 7. Let w be b(2). Suppose 656 = p - w. What are the prime factors of p?
3, 11
Let v(h) = -18*h - 22. Let q(r) = -4*r - 21. Let n be q(-4). List the prime factors of v(n).
2, 17
Suppose 6*t - 26593 = 22592 + 41277. What are the prime factors of t?
15077
Let t = 5409 - 5067. List the prime factors of t.
2, 3, 19
Suppose 5*m - 15601 = 7389. What are the prime factors of m?
2, 11, 19
Suppose 4*j = -3*y + 174030, -7*y + 4*y - j + 174012 = 0. List the prime factors of y.
2, 3, 7, 1381
Suppose -3*z - 12*s + 38345 = -11*s, 0 = -3*z + 2*s + 38339. List the prime factors of z.
12781
Let c be (-7)/(-35) - 68879*1/(-5). Suppose -3*j - c = -24*j. List the prime factors of j.
2, 41
Let f(d) be the second derivative of -5*d**3/2 + 167*d**2/2 - 68*d. What are the prime factors of f(-20)?
467
Suppose -13*i + 8*i + 80 = 0. Suppose -10 = i*r - 11*r. What are the prime factors of (r - (-27)/(-2))*-2?
31
Let b(k) = 2*k**3 + 6*k**2 - 4*k - 6. Let o be b(-3). What are the prime factors of 347 + ((-45)/30)/(o/16)?
7
Suppose -5*l + y + 1426 = 0, 0 = 5*y + 1 + 4. Suppose -10*u + 25*u = l. What are the prime factors of (u/(-4))/(6/(-120))?
5, 19
Suppose 180044 + 528666 = 146*x - 781950. List the prime factors of x.
2, 5, 1021
Let m(z) = 2*z + 25. Let d be m(-10). Suppose 448 = d*w + 2*w. Let b = w + 0. What are the prime factors of b?
2
Suppose 3*v + 3*j = 51, 5*j = v + j - 37. Let z = v + -18. Suppose -304 = -5*m - z*m. What are the prime factors of m?
2, 19
Let d(y) = 3*y - 24. Let x be d(4). List the prime factors of x/22 + 496830/330.
5, 7, 43
Let q(j) = 196*j - 1860. List the prime factors of q(58).
2, 2377
Suppose 75*i - 65*i = 44050. What are the prime factors of i?
5, 881
Let d(g) = 36*g**2 - 22*g - 112. What are the prime factors of d(-7)?
2, 3, 7, 43
Let u(w) = 2*w**2 + 51*w + 1383. List the prime factors of u(63).
2, 3, 2089
Let q(h) = -24*h**3 - 4*h**2 - h + 2. Let b(f) = f**2 - 1. Let y = 15 + -14. Let x(z) = y*q(z) + 3*b(z). List the prime factors of x(-1).
23
Let p(s) = -2*s - 95. Let y be p(-20). What are the prime factors of 16*13 + (y - -57)?
2, 3, 5, 7
Suppose -27*k - 21 = -34*k. Suppose -3*h + 3*w = -2253, -8*w + k*w - 25 = 0. What are the prime factors of h?
2, 373
Let g(o) = o**2 + 2*o - 4. Let s be g(-3). Let c(k) = -52*k - 1. Let h be c(s). Let q = h + 183. List the prime factors of q.
2, 3, 13
Let l be (-192)/(-14) - 4/(-14). Let a(k) be the second derivative of -k**4/12 + 19*k**3/6 - 16*k**2 + 136*k. List the prime factors of a(l).
2, 19
Let c(k) = -k**3 + 13*k**2 - 13*k + 2. Let v be c(12). Let l(f) = -6*f + 33. Let d(h) = 11*h - 67. Let t(m) = 2*d(m) + 5*l(m)